t u be (-7 - -15) + (2 - 7). Suppose 5*d - 624 = 506. Suppose u*m = -4*n - 0*m + d, 281 = 5*n + 3*m. Is n a composite number?
True
Suppose 0 = 294*x - 298*x + 6548. Is x composite?
False
Suppose 5*x - 21 = -2*x. Suppose -2*z + 3 = -x. Suppose 4*n + 15 = -n, -5*h - z*n = -26. Is h prime?
True
Suppose y = 2*b + b + 32, 0 = -2*b + 5*y - 30. Let f = b + 12. Suppose -4*j + f = -138. Is j composite?
True
Suppose 4*z + 4*j - 388 = 8*j, -5*z = 3*j - 517. Let a(h) = -h + 23. Let q be a(0). Suppose q = -2*s + z. Is s a composite number?
True
Suppose 2*m - 796 = 4*b, -m + 0*b - b + 401 = 0. Let l = -83 + m. Is l a prime number?
True
Suppose -v = -5*d + 280, -2*v - 161 = -8*d + 5*d. Suppose -36 = -j + 3*j - 4*n, 0 = -3*j - 3*n - 90. Let o = d + j. Is o prime?
True
Let h(d) = -d**2 - 12*d + 2. Let r be h(-12). Let i(w) = -43 + 42 - 962*w**3 - 2*w**r - 306*w**3 - 2*w. Is i(-1) prime?
False
Let a be (-2)/((-3)/105*-2). Let q = a - -45. Is q prime?
False
Let j(r) = r**3 - 5*r**2 - 2*r + 7. Suppose -3*s + 5*s = 12. Let i be j(s). Suppose -3*w = -p + i + 24, -p + w + 63 = 0. Is p composite?
False
Suppose -59 = 4*o - 167. Suppose t - 170 = -o. Is t composite?
True
Let t be 0 + 4 + 49/(-7) + 5. Suppose -5070 = -5*k + 5*g, -4*k - 3*g - t*g + 4011 = 0. Is k composite?
False
Let w be (-4)/(48/(-9))*-20. Let r(b) = -b**2 - 18*b - 2. Is r(w) a prime number?
True
Suppose -j - 4*r = -3713, 5*j - 2*r - 28684 = -10119. Is j a prime number?
False
Suppose 3*r + 693 = -5*g + g, 4*r + 920 = -4*g. Let f = r - -376. Is f prime?
True
Let w(k) = -813*k + 20. Suppose 3 = 4*q - 5*q. Is w(q) a prime number?
True
Let w(i) = 39*i - 5. Let n(k) = -k**3 + 4*k**2 - k - 1. Let o be n(3). Let m be w(o). Suppose -3*z - m = -5*z. Is z prime?
False
Let u(x) be the third derivative of 4*x**5/15 + 5*x**4/24 - 25*x**3/6 + 5*x**2. Is u(-8) a composite number?
True
Let t = -33 + 38. Suppose -2*p + 5*c = p - 1227, -5*p + 2045 = -t*c. Is p composite?
False
Let v(l) = 4*l + 8. Let m be v(-14). Let f be m/40*10/(-6). Is (-8)/f*(-614)/8 prime?
True
Suppose 3 = 2*k + k. Suppose 36 = -5*s + k. Let w(b) = -102*b - 5. Is w(s) a prime number?
True
Suppose 124*o - 103*o = 128247. Is o composite?
True
Is 7342*8/112*7 a composite number?
False
Let t be 4*(44023/28 + (1 - -1)). Suppose -4*b - k = -8396, -3*b - 6*k = -3*k - t. Is b composite?
False
Let v = -65 + 69. Suppose 5*u - 6300 = 5*g, -v*u + 1264 = -3*u - 5*g. Is u a prime number?
True
Suppose -s - 4238 = -2*s. Suppose -733 + s = 5*r. Is r a prime number?
True
Is 143498/4 - 2*40/(-32) a composite number?
True
Suppose d = 2*d - 4. Suppose -11736 = -3*l + d*l. Is (-6)/15 - l/40 prime?
True
Is -14*-2*(-122466)/(-24) a prime number?
False
Suppose -4*y = -5*u - 0*y - 5, -y + 1 = -u. Let m be (-3130)/(-5) + (u - 0). Suppose n = 4*v - 4*n - 854, -3*v = 4*n - m. Is v composite?
False
Let d(i) = -45*i + 71 - 37*i + 101*i - 67*i. Is d(-10) a composite number?
True
Suppose -6*j + 2*j - 550 = -m, 1112 = 2*m - 2*j. Let r = m - 307. Is r composite?
False
Let y(h) = h**3 + 13*h**2 + 22*h. Let i be y(-11). Suppose i*z + 2*z = 110. Is z a composite number?
True
Let g = -34 + 40. Suppose -4*x = -g*x + 1502. Is x a prime number?
True
Let c = -8797 + 15602. Is c a prime number?
False
Let v = -406 + 1125. Is v a prime number?
True
Suppose -4*u + 15682 - 2255 = 3*i, 22409 = 5*i - u. Is i prime?
True
Is ((-45)/25)/(-9)*29195 composite?
False
Let w = 6 - 1. Suppose d + 1952 = w*d. Suppose u + 0*u - 4*t - 107 = 0, 0 = -4*u - 4*t + d. Is u prime?
False
Suppose 62 = 10*m + 22. Suppose -3*p + 38044 = m*d + d, -15226 = -2*d - 4*p. Is d composite?
False
Suppose 0*h - 44 = 4*h. Let j = -11 - h. Suppose -5*b + 1265 + 2490 = j. Is b a prime number?
True
Let t(w) = 19*w + 23. Let x be t(-10). Let u = 2036 - x. Is u a composite number?
False
Suppose 11064 = 3*r - 1569. Is r prime?
True
Suppose 5*o + 35 = 5*r, 0 = r - 4*r + o + 17. Let q(j) = 29*j - 6. Let k be q(r). Suppose -5*m - k = -524. Is m prime?
False
Suppose 6*n - 15394 = 1340. Is n prime?
True
Let l = 786 + -1137. Let b = l - -644. Is b a prime number?
True
Suppose -13*v + 38*v - 11675 = 0. Is v composite?
False
Let y(w) = -w**3 + 3*w**2 - 2. Let r be y(1). Suppose r = -4*s - 2*s + 4734. Is s prime?
False
Let t(o) be the second derivative of -53*o**3/2 - 3*o**2 - 9*o. Is t(-3) prime?
False
Let t(y) = 262*y - 7. Let s be t(9). Let i = s + -1438. Is i a prime number?
False
Suppose 3 = -3*d + 5*b + 16, 2*d - 17 = 5*b. Let w be ((-124)/8)/(1/d). Suppose 3*u - 3*a - 176 = -2*a, 2*a = u - w. Is u a composite number?
True
Let o be 2 - (-6)/(-5) - 104/130. Suppose -2*v - x + 857 = o, -v + 0*v - 4*x = -411. Is v composite?
False
Let v(o) = 15*o**2 + 3*o + 1. Suppose -3*w + 15 = 3*c, 0*c + c - 2*w = 5. Suppose -30 = -4*p - 5*u - c, p - 6 = -u. Is v(p) composite?
True
Let d = 5815 - -3192. Is d a prime number?
True
Let u(t) = 5737*t**2 + t - 1. Is u(1) a composite number?
False
Suppose 11 = 5*b + f, -4*b + b = -f - 13. Suppose 4*v + 0*v - 5 = -b*c, -5*v + 13 = -3*c. Suppose -v*k = 3*k - 745. Is k prime?
True
Suppose 0 = -4*i - 5*n + 1676, 0*n = -n. Is i prime?
True
Suppose 0 = -3*s + 4*s - 601. Suppose -885 = -2*r - h, 4*r - 5*h - s = 1176. Is r a prime number?
True
Suppose 3 - 1 = y, -2*n - 5*y = -246. Let f = n + -96. Is f prime?
False
Let y(x) = 107*x**2 - 51*x + 89. Is y(20) a prime number?
False
Let a(i) = i**3 + i**2 + 2*i. Let f be a(-2). Let m(b) = -b**2 - 9*b - 5. Let r be m(f). Suppose -z = -r*h + 331, 0*z - z + 224 = 2*h. Is h a prime number?
False
Let j = 809 - 546. Suppose 4*s + j = 1275. Is s composite?
True
Let c be ((-9)/(-3))/(-1) - -33. Suppose c = 7*d - 2*d. Let u(x) = x**3 - 5. Is u(d) a composite number?
False
Let c(r) = 15*r - 4. Let x be c(1). Suppose -x*o - 10265 = -16*o. Is o composite?
False
Let z = -54 - -917. Is z composite?
False
Let d be (-9)/(6/((-54)/3)). Let i(q) = q**3 - 4*q**2 + 2*q - 2. Let w be i(3). Let t = d + w. Is t composite?
True
Suppose 3*v - 5 - 1 = 0. Suppose -25 = -4*l - c, 0 = v*l - 0*l - 3*c + 5. Suppose 12 = 4*r + 2*d - 80, 3*r + l*d = 55. Is r a composite number?
True
Suppose -3*t + 185 = 2*t + 5*f, 0 = f + 3. Let x = 117 - t. Is x composite?
True
Let r = 1 - 11. Let s be 407/(-5) + 6/r. Let y = 197 + s. Is y a composite number?
True
Let z = 1750 + 670. Suppose 0*h = -4*h + 20. Suppose -2*w = -5*g + 3*w + z, 0 = h*g + 4*w - 2375. Is g prime?
True
Suppose 0*r + 8 = o + 2*r, 4*o = -2*r + 8. Is (1689/6 + o)/((-4)/(-8)) prime?
True
Suppose -26*d + 31*d = 13505. Is d composite?
True
Let y = 758 + 22. Suppose 6*k - y = -72. Is k a prime number?
False
Let p(f) = f. Let u(o) = 5*o + 3. Suppose 3*l + 4*a - 38 = 8*l, 0 = -4*l - 3*a - 18. Let b(g) = l*p(g) + u(g). Is b(-7) a prime number?
False
Suppose 2*f - 3*d + 4189 = 0, 8376 = -4*f + d + 3*d. Suppose 4*a + 4*l = 0, -a = -2*l - 0*l + 12. Is a/(-14) - f/49 a composite number?
False
Let q = -189 + 323. Let b = q + 77. Is b prime?
True
Let f = -3532 + 8471. Is f prime?
False
Suppose 0*m + m - 28 = 5*q, -q + 3*m = 0. Let d be ((-3)/(q/10))/1. Suppose -d*v + 12 = -3*p, v + 5*p - 3 = 5. Is v composite?
False
Let s = 932253 + 409359. Is s/276 + (-4)/(-46) a prime number?
True
Let z = -74 + 15. Suppose 3*y - 153 = -2*j + 417, -5*y + j = -963. Let g = y + z. Is g a composite number?
True
Is 5548/(-6)*(54/(-12) + 3) a prime number?
False
Suppose 0 = -5*b + 3*y + 104445, -5*y + 18 = -7. Suppose 36*d = 24*d + b. Is d prime?
True
Let p = 27619 - 9648. Is p composite?
False
Suppose 5*r = 15, -3*r - 1309 = -2*v - 0*r. Is v prime?
True
Let m(j) = 3422*j**2 + 34*j - 161. Is m(5) a prime number?
False
Let v be (1 - -6) + -3 + 2. Let t(j) = j - 6. Let u be t(v). Suppose 0 = -u*b + 4*b - 56. Is b prime?
False
Is -2 + 5812 + -5 + -4 composite?
False
Suppose -7*i = 1336 - 6061. Suppose -5*y = -16270 - i. Is y composite?
False
Let j = 1392 + 1529. Is j prime?
False
Let q be 93/(-9) - (-4 - 70/(-15)). Is (1 - -242) + (q - -15) composite?
True
Suppose 2*l = 5*i + 25041, -6*i = 3*l - i - 37574. Is l a prime number?
False
Let p be (-1 + -17)/((-1)/14). Let z = -175 + p. Is z a prime number?
False
Let c = -262 - -1388. Is c composite?
True
Suppose -18 = -9*z - 0. Suppose 5*u - z*d - 9507 = 0, -3*u + 2*d + 5704 = d. Is u a prime number?
True
Suppose -w = -y + 29235, 2*y - 